= -y - 5. Let t be p(-5). Suppose 5*f - 3*f = 10, 5*c - 4*f + 15 = t. What is the units digit of c?
1
Let w(g) = 51*g + 4. What is the hundreds digit of w(2)?
1
Let s(a) be the third derivative of a**6/120 + a**5/12 + a**4/8 - a**3/6 - 3*a**2. Let z be s(-3). Suppose -4*w = -2*w - z. What is the units digit of w?
4
Let f(g) = -g**2 + 7*g - 4. Let b(a) = a + 16. Let t be b(-10). Let d be f(t). Suppose -s - 4*s - d*q = -30, 2 = -s - 2*q. What is the units digit of s?
8
Suppose 2*h = 3*h - 3. What is the tens digit of 0 + -1 + 39/h?
1
Let r = -3 + 8. Suppose -3*k + r = 2*k. Suppose 2*j = 11 - k. What is the units digit of j?
5
Suppose 3*s = -5*f + 185, -177 = -3*s - 5*f + 2*f. What is the units digit of s?
5
Let u(y) = y**2 + 4*y + 2. Let j = -15 + 27. Let h be 50/(-8) - (-3)/j. What is the units digit of u(h)?
4
Let m(y) = y + 2. Let l be m(0). Suppose -l*b = 0, -d + 5*d = 2*b + 56. What is the units digit of d?
4
Suppose 2*r = -0*r + 8. Suppose 0 = -3*i + 3*y + 15 + 9, 0 = -r*i - y + 37. What is the units digit of i?
9
Let i(m) = -4*m**3 + m**2. Let n be (-3)/6*(-4)/(-2). What is the units digit of i(n)?
5
Let b(i) = -i**2 + i + 6. Let f be b(0). Let t = -12 + f. Let u = 2 - t. What is the units digit of u?
8
Let i(l) = 0*l + l - l + 5*l. Let o be 4/2 + (-4 - -3). What is the units digit of i(o)?
5
Suppose -f + 12 = 2*f. Let a = 26 + -18. Suppose a + f = 3*p. What is the units digit of p?
4
Suppose 2*c - c + 2*j = 11, 0 = 3*c + 3*j - 24. Let y(u) be the second derivative of -u**4/12 + u**3 - 2*u**2 + 13*u. What is the units digit of y(c)?
1
Suppose -4*k = 5*l - 52 - 88, -2*k - l + 70 = 0. What is the tens digit of k?
3
Suppose 2*g = 2*r - 24, g + 3*g + 20 = 0. Let u(y) = 51*y**2 + 60*y**2 - 6 + 10*y - 112*y**2. What is the tens digit of u(r)?
1
Let z(b) = -b**2 - 4*b + 3. Let x be z(-5). Let v be 7/(-2)*(-4)/7. What is the units digit of (-2)/(x - (-3)/v)?
4
Let b(k) = k**3 + 14*k**2 - 17*k + 7. What is the units digit of b(-15)?
7
Let p(h) = h**2 - h - 11. Let i be p(0). Let w = 47 + i. What is the units digit of w?
6
Let t(s) = 2*s**2 - 8*s**2 + s + 8 + 5*s**3 - 6*s**3. Let l be t(-6). Suppose f = -f + l. What is the units digit of f?
1
Let m = 34 - 26. What is the units digit of m?
8
Suppose -42 = -5*c + 2*c. What is the units digit of c?
4
Let i(y) be the third derivative of y**5/20 - y**4/8 - y**3/3 - 2*y**2. What is the units digit of i(-2)?
6
Let b be (5 - 6)/((-2)/6). Let w be (1 - b) + 37 + -1. Let f = w + -15. What is the units digit of f?
9
Let b = 43 + -64. Let v be -16*(b/6 + 2). Suppose -4*y - 4*j = -3*y + 3, 2*j = 4*y - v. What is the units digit of y?
5
Let q be (51/(-6) - -2)*-10. Suppose 2*f = 7*f - q. What is the tens digit of f?
1
Let o = 3 + -2. Let z(f) = 4*f. Let w be z(o). Suppose -w*r + 10 = -2*r, -4*r + 13 = -l. What is the units digit of l?
7
Suppose -10 = -3*g + 5, 0 = 2*p + 2*g - 50. What is the units digit of 5/(p/(-108))*-1?
7
Suppose 2*o = 3*o - 5. Suppose 0*b = 5*b + o*t + 20, 4*b = 3*t + 12. What is the tens digit of 2*7 + b/4?
1
Suppose -142 - 142 = -2*v. Suppose -2*g - 3*y = -74, 4*g + 3*y - v = -0*g. What is the tens digit of g?
3
Suppose 4*i - 2*i = 4. What is the units digit of 2*((18 - 0) + i)?
0
Let l be (-45)/2*30/(-9). Let m = 125 - l. Suppose -5*g = -0*g - m. What is the tens digit of g?
1
Let q(z) = 6*z**2 - 1. Let i be q(-1). Suppose 2*a - 1 = i. Suppose -1 = -2*l - a*c, l + 3*c - 5*c - 4 = 0. What is the units digit of l?
2
Let b = -25 - -15. Let p(v) = v**3 + 10*v**2 - 4*v - 10. What is the tens digit of p(b)?
3
Suppose -3*k + 61 = -0*j + 2*j, -5*k = j - 27. Suppose 3*n = 2*d + j, -5*d = -1 + 6. What is the units digit of n?
0
Let s be (24/5)/(2/10). Let z = -25 + 13. Let g = s + z. What is the tens digit of g?
1
Let x = -1 + 6. Suppose x - 3 = 2*u. What is the units digit of u?
1
Suppose -o + 0*l + 13 = -3*l, 0 = 5*o - 4*l - 32. Suppose t - 3*z + 69 = o*t, -2*t + 4*z + 40 = 0. What is the units digit of t?
2
Suppose 2*x - 7 = r - 0, -2*r = 4*x - 26. Let z(w) = 3*w + 1. What is the tens digit of z(x)?
1
Suppose 2*x - 12 = 6*u - 2*u, -2*u = 5*x - 30. Let b(t) = t**2 - 7*t. Let o be b(x). What is the units digit of (-3)/(-9) + (-40)/o?
7
Let x be (-5)/(-25) + (-9)/(-5). Let v = 42 + -30. Suppose -5*i = -k - 30, x*i - v = 2*k - 6*k. What is the units digit of i?
6
Let y(k) = 5*k**3 + k + 1 - k**3 - 3*k**3 + 4*k**2. Let h be y(-3). Suppose 3*s + 2*p = -0*p, 2*s - p = h. What is the units digit of s?
2
Let l(f) = 2*f**3 - 3*f**2 - 4*f + 3. Let n be l(3). Let o = 30 - n. What is the tens digit of o?
1
Suppose 7*i + 24 = 3*i. Let p(w) = w + 2. Let x be p(i). What is the units digit of (-2)/(x/(-18)*-3)?
3
Let v(b) = -b**3 - 3*b**2 - 2*b - 2. Let u be v(-3). Suppose -k + 20 = -4*a, -2*k - 5*a = -u*k + 34. Let y = k - 7. What is the units digit of y?
5
Let l(k) = k**3 - 3*k**2 - 4*k + 2. Let o be l(4). What is the units digit of 2 + o*30/4?
7
Let a(u) = u**2 + u - 8. Let t = -18 + 13. What is the units digit of a(t)?
2
Let t = -1 - -5. Let d = t + 15. What is the units digit of d?
9
Let f = 184 + 161. What is the units digit of f?
5
Let c be (-4)/6*9/(-2). Let i(y) be the first derivative of -y**4/4 + 2*y**3/3 + 5*y**2/2 - 4*y - 20. What is the units digit of i(c)?
2
Let d(p) = -6*p - 9. What is the tens digit of d(-4)?
1
Let a(v) = -v**3 - 4*v**2 + 5*v + 3. Let g be a(-5). Suppose 2*y + g*y = 40. What is the units digit of y?
8
Let b(p) = p**3 - 5*p**2 - 6*p + 3. Let x be b(6). Suppose 0 = -5*a + 4*i + 19 + 11, 0 = -x*a + 4*i + 26. Suppose -a*w + 9 = -19. What is the units digit of w?
4
Let s = 7 - -68. What is the tens digit of s?
7
Suppose s + 4 = -s. What is the units digit of 1/s*3*-2?
3
Let o(b) = -b**3 + 3*b**2 - 5. Let q(k) = -6*k**2 + 4 + 4*k**2 + 0*k**2 + k**3. Let j(c) = 5*o(c) + 6*q(c). What is the units digit of j(-1)?
1
Suppose 35 = 4*p - 41. What is the tens digit of p?
1
Let f(k) = 21*k. Suppose 0 = -3*a + 3. What is the units digit of f(a)?
1
Let j be ((-4)/(-1))/(-1) + -1. Let l(r) = -7*r**3 + r**2 + 5*r - 3. Let f(g) = 6*g**3 - 4*g + 2. Let p(t) = -6*f(t) - 5*l(t). What is the units digit of p(j)?
8
Suppose -i + 0*v + 3 = v, 4*v - 15 = -5*i. Let h be i*-1*16/(-12). Suppose 4*l - h*q = 16, -4*q - 10 = 2. What is the units digit of l?
1
Let d(j) = -j**3 - 2*j**2 - 3*j + 8. Let y(o) = -o**2 - o - 1. Let t(r) = d(r) - 3*y(r). What is the units digit of t(0)?
1
Let j = -10 - -6. What is the units digit of j/22 + 171/33?
5
Let v be (6/(-18))/((-1)/(-3)). Let d = 10 + v. Let x(r) = -r**3 + 10*r**2 - 8*r. What is the units digit of x(d)?
9
Let l(z) be the second derivative of z**5/20 + 7*z**4/12 - z**3/6 - z**2 - 3*z. Let d be l(-7). Let x = d - 2. What is the units digit of x?
3
Suppose 2 = -r, 0 = u + 4*u - 2*r - 94. Suppose -3*x - 2 = 2*v, 0*v + 2*x = v - 6. Suppose 3*s - 18 = -3*j, -5*j + v*s = 3*s - u. What is the units digit of j?
3
Let z = 11 + -6. Let o = 1 + z. What is the units digit of o?
6
Let h(t) = -t + 6*t - 6 - 5*t + 4*t. What is the units digit of h(5)?
4
Suppose -3*m + 5*m = 112. What is the tens digit of m?
5
Let p = 1 - -5. Let n be 74/10 - p/15. Suppose 28 - n = 4*u - z, -4 = 4*z. What is the units digit of u?
5
Suppose -p = p - 24. Let s = p + 3. What is the tens digit of s?
1
Suppose 3*j - 12 = -4*n, 0*n = -3*j - n + 12. Suppose -h + 2*w - 7 = -j*h, -w = 3*h - 11. Suppose -34 = -h*i - f, -8 - 4 = -3*f. What is the units digit of i?
6
Let t(o) = o**2 + o - 1. Let c be 4/10 - 36/15. Let q be t(c). Suppose 9 = 4*k + q. What is the units digit of k?
2
Suppose 9 = 3*m - b, -5*b + 4 = -2*m - b. Let w be 26/m + 2/4. Let o = 12 - w. What is the units digit of o?
5
Let r = -9 - -18. Let p(z) = 4*z - 12. Let o be p(r). Suppose 0*t = 2*t - o. What is the tens digit of t?
1
Let g = 499 + -227. What is the units digit of g?
2
Let o = 265 + -95. What is the hundreds digit of o?
1
Suppose -6*d = -187 - 239. What is the units digit of d?
1
Let g be (-4)/(-5)*(-15)/2. Let j(c) = c**3 + 5*c**2 - 5*c + 8. Let t be j(g). Let s(h) = h - 1. What is the units digit of s(t)?
1
Let t(v) = v**2 + 2*v - 5*v + 3*v + 3*v + 4. What is the tens digit of t(-6)?
2
Suppose -5*i + 29 = -5*f - 1, 3*i - 2 = -5*f. Let t = -13 + 31. Suppose -i*x + 30 + t = 0. What is the tens digit of x?
1
Suppose -2*s + 7